3, what is 3475 - 5?
3470
In base 7, what is 4 + 4022?
4026
In base 8, what is 1 - 715?
-714
In base 16, what is 5 - -26d?
272
In base 13, what is -50 + 9?
-44
In base 7, what is 1 - 233?
-232
In base 13, what is -1b + 0?
-1b
In base 9, what is 5 + 46?
52
In base 9, what is 3 - -108?
112
In base 10, what is 19 + -10?
9
In base 9, what is 40 + 40?
80
In base 3, what is -1 - -1102?
1101
In base 7, what is -4 + -40?
-44
In base 13, what is -39 + -12?
-4b
In base 14, what is -35 + 46?
11
In base 14, what is 6 + -26?
-20
In base 5, what is 4401 + -10?
4341
In base 2, what is -111100101 - 10?
-111100111
In base 8, what is -3 - -744?
741
In base 5, what is 104341 - -3?
104344
In base 4, what is -10210 + 11?
-10133
In base 8, what is -2123 + -5?
-2130
In base 6, what is -101 - 11?
-112
In base 15, what is 7 - 365?
-35d
In base 4, what is 100 + -1121?
-1021
In base 2, what is -1100000 - -10100?
-1001100
In base 7, what is 40 - 0?
40
In base 7, what is 1154 - 1?
1153
In base 9, what is -360 - -8?
-351
In base 5, what is 4 + 22020?
22024
In base 16, what is 7f + b?
8a
In base 13, what is 12b1 - 5?
12a9
In base 5, what is -4241 - 3?
-4244
In base 9, what is -61 + 0?
-61
In base 12, what is 12 + -21?
-b
In base 2, what is 10101 + 110?
11011
In base 15, what is 4 + 57?
5b
In base 3, what is 2 - 1011010?
-1011001
In base 12, what is 0 + -80?
-80
In base 3, what is 2 + -12012100?
-12012021
In base 6, what is -1325 - -12?
-1313
In base 10, what is 33 - -54?
87
In base 8, what is -3 + 77?
74
In base 3, what is 10 + 122220?
200000
In base 11, what is -4879 - -4?
-4875
In base 16, what is -ae - -e?
-a0
In base 13, what is 8 + 15?
20
In base 6, what is -1 - 4?
-5
In base 11, what is -62 + -a?
-71
In base 3, what is -21 + -2021?
-2112
In base 4, what is 313 - 120?
133
In base 8, what is -3 + -50?
-53
In base 4, what is -312 + -11?
-323
In base 13, what is 98 + 3?
9b
In base 14, what is -3 - 112?
-115
In base 5, what is -102 + 32?
-20
In base 10, what is 117 + -1?
116
In base 3, what is -1020 - 11120?
-12210
In base 6, what is 132 + 2?
134
In base 8, what is -1 - -53?
52
In base 13, what is 0 - -8?
8
In base 13, what is bb11 - -5?
bb16
In base 4, what is 102 - 10003?
-3301
In base 5, what is -120 + -1300?
-1420
In base 11, what is -174 + -4?
-178
In base 9, what is 10 + -16?
-6
In base 2, what is -10 + -1110001?
-1110011
In base 2, what is -1000100 - 10111?
-1011011
In base 13, what is -5 + 1?
-4
In base 7, what is -15 + 542?
524
In base 3, what is -101 - -100201?
100100
In base 16, what is -5eb + -2?
-5ed
In base 9, what is 838 + -11?
827
In base 6, what is 3 + -141?
-134
In base 8, what is -2454 + 4?
-2450
In base 12, what is b23 + 1?
b24
In base 10, what is -76 - -4?
-72
In base 11, what is -248 + -3?
-250
In base 3, what is -2000 + 20110?
11110
In base 6, what is -4500 - -5?
-4451
In base 7, what is -406 + 2?
-404
In base 4, what is -221221 + 3?
-221212
In base 4, what is 22 + -31?
-3
In base 13, what is 7 + 9?
13
In base 15, what is -738 + -4?
-73c
In base 3, what is 20102220 - -11?
20110001
In base 12, what is 111 + 5?
116
In base 5, what is 20413 - 1?
20412
In base 12, what is 24 + 5?
29
In base 4, what is 3 - 10232?
-10223
In base 14, what is 5c + -5?
57
In base 3, what is 10 + -220?
-210
In base 14, what is -b8 + -3?
-bb
In base 16, what is -1 + 66?
65
In base 9, what is 6 + 6?
13
In base 14, what is 5 + -47?
-42
In base 3, what is -1121 - -1220?
22
In base 12, what is 24 + -2?
22
In base 13, what is 3 + 200?
203
In base 4, what is -33121 - 3?
-33130
In base 8, what is 3 + 11?
14
In base 7, what is 606 + -5?
601
In base 16, what is -c - 3?
-f
In base 3, what is -11 + 12002?
11221
In base 11, what is -36 + -2a0?
-326
In base 5, what is -4 - -4224?
4220
In base 11, what is 4 - 6?
-2
In base 12, what is -18 - -15?
-3
In base 10, what is 4 - -106?
110
In base 7, what is -24 + 3?
-21
In base 6, what is -12 - 113?
-125
In base 8, what is -26777 + -3?
-27002
In base 11, what is 53a + -3?
537
In base 10, what is 810 - 5?
805
In base 9, what is 0 + -5?
-5
In base 4, what is 3 - -1331330?
1331333
In base 2, what is 100 - -1011000?
1011100
In base 8, what is -3622 - 10?
-3632
In base 14, what is -6 - -248?
242
In base 15, what is 18cd - 0?
18cd
In base 7, what is -161 - 14?
-205
In base 6, what is -2210 + 14?
-2152
In base 16, what is -b8 - -13?
-a5
In base 4, what is -3 - 320?
-323
In base 5, what is -141 - -2044?
1403
In base 3, what is 12 + -1220211?
-1220122
In base 2, what is 10100011010 + 101?
10100011111
In base 9, what is -1 - 15?
-16
In base 9, what is 57 - 12?
45
In base 7, what is 11 + 5?
16
In base 6, what is 3 - -31041?
31044
In base 2, what is -111110110111 + -100?
-111110111011
In base 16, what is -17 - -21?
a
In base 15, what is 4 + 46?
4a
In base 5, what is 2230100 - -4?
2230104
In base 6, what is -23 + -35?
-102
In base 4, what is -21312 + 23?
-21223
In base 15, what is 2 - 26?
-24
In base 16, what is 2 + -c?
-a
In base 3, what is -1102 + 12001?
10122
In base 13, what is c - 1b?
-c
In base 7, what is -3 + 565?
562
In base 9, what is 141 + -3?
137
In base 6, what is -5 - 153?
-202
In base 8, what is 413 + -3?
410
In base 14, what is -548 + 32?
-516
In base 8, what is 12 + -36?
-24
In base 13, what is -51 + -9?
-5a
In base 7, what is 5 - -6?
14
In base 3, what is 120021 - 11?
120010
In base 13, what is 23 + -136?
-113
In base 7, what is -2023 - -24?
-1666
In base 11, what is -4 + 7?
3
In base 5, what is -3 - 120?
-123
In base 14, what is 7 - -1c?
25
In base 9, what is 61 + 7?
68
In base 13, what is 76 - -7?
80
In base 10, what is -2 + 114?
112
In base 12, what is 5 + -40?
-37
In base 14, what is 8 - -5?
d
In base 9, what is 3 + -126?
-123
In base 8, what is -11 + 150?
137
In base 8, what is -112 + -5?
-117
In base 8, what is 5 + -163?
-156
In base 2, what is 1 + 110101?
110110
In base 15, what is ca + -6?
c4
In base 2, what is 100110 + -1001111?
-101001
In base 5, what is 4334 + 21?
4410
In base 4, what is 20132 - 1?
20131
In base 3, what is 2010 - 110?
1200
In base 14, what is 3b - 6a?
-2d
In base 2, what is -10000000 + 0?
-10000000
In base 5, what is 1241 + -10?
1231
In base 11, what is -2 + 7570?
7569
In base 15, what is 70d - 2?
70b
In base 7, what is -4 - -1104?
1100
In base 9, what is 1 + 78?
80
In base 13, what is 78 - -5?
80
In base 15, what is -39 - d?
-47
In base 11, what is -2 - 12?
-14
In base 7, what is -4 + -246?
-253
In base 5, what is 141 - 12?
124
In base 13, what is -c6 - a?
-103
In base 13, what is 1 - -46?
47
In base 11, what is 36 - 17?
1a
In base 14, what is -39 - -1?
-38
In base 2, what is -10110010 - -10100?
-10011110
In base 2, what is 11001010110 - 0?
11001010110
In base 5, what is -130 - 2?
-132
In base 6, what is -155024 + -3?
-155031
In base 6, what is 154 + 5?
203
In base 15, what is -1 + ed?
ec
In base 2, what is -101001100101 - -10?
-101001100011
In base 11, what is -1 + -176?
-177
In base 5, what is 4 + -12344?
-12340
In base 5, what is 1441 + -12?
1424
In base 5, what is 33 + 10?
43
In base 16, what is b - 18?
-d
In base 3, what is -1222 + 11212?
2220
In base 7, what is 55 + 1?
56
In base 9, what is 61 + -3?
57
In base 5, what is 3 + -12023?
-12020
In base 8, what is 3 + 145?
150
In base 12, what is 19 + -7b?
-62
In base 13, what is 5 + 3?
8
In base 16, what is -2 + 36?
34
In base 9, what is 8 + 134?
143
In base 12, what is 15 - -328?
341
In base 16, what is -5 - be?
-c3
In base 2, what is 110 + -11101110?
-11101000
In base 5, what is -12 + 140?
123
In base 16, what is 5 - ef?
-ea
In base 14, what is 4 - -1dc?
202
In base 7, what is -15 - -24?
6
In base 4, what is 1003 - 11?
332
In base 6, what is -31 + 1?
-30
In base 7, what is 3 - 3535?
-3532
In base 6, what is -135 - 5?
-144
In base 12, what is -26 - 184?
-1aa
In base 9, what is 425 + 10?
435
In base 10, what is -385 + 3?
-382
In base 11, what is 5a9 + 4?
602
In base 13, what is -15 - -88?
73
In base 6, what is -1013 + 0?
-1013
In base 15, what is 5 + 575?
57a
In base 16, what is 6 - -37e?
384
In base 16, what is -57 - 4?
-5b
In base 13, what is -14 - -20?
9
In base 9, what is -53 - 3?
-56
In base 13, what is 1c - 7?
15
In base 11, what is -1115 + 6?
-110a
In base 2, what is -11011010 + 100?
-11010110
In base 10, what is 1 - 190?
-189
In base 5, what is 11 + -1